{"id":1254,"date":"2019-05-23T12:41:43","date_gmt":"2019-05-23T10:41:43","guid":{"rendered":"https:\/\/www.yreduktor.eu\/?page_id=1254"},"modified":"2022-05-07T23:41:39","modified_gmt":"2022-05-07T21:41:39","slug":"gearboxes","status":"publish","type":"page","link":"https:\/\/www.yreduktor.eu\/index.php\/en\/yilmaz-reduktor-en\/gearboxes\/","title":{"rendered":"Gearboxes"},"content":{"rendered":"<div  data-label=\"H1\" data-id=\"cta--1\" data-export-id=\"cta-centered-bg-section\" data-category=\"cta\" data-section-ov=\"1\" class=\"cta-centered-bg-section content-section content-section-spacing-medium white-text\" data-parallax-depth=\"20\" id=\"h1-1\" style=\"background-color: rgb(255, 255, 255); background-size: cover; background-position: center top; background-image: none;\"><div  class=\"gridContainer\"> <div  class=\"row text-center\"><div  data-type=\"column\" class=\"\"> <h2  class=\"\"><span  style=\"color: rgb(73, 73, 73);\">Yilmaz Red\u00fckt\u00f6r Gearboxes<\/span><\/h2> <\/div> <\/div><\/div> <\/div><div  data-label=\"feautures\" data-id=\"overlappable--5\" data-export-id=\"overlappable-4\" data-category=\"overlappable\" class=\"overlappable-4 content-section content-section-spacing\" data-overlap=\"true\" id=\"feautures\" style=\"background-color: rgb(255, 255, 255);\"><div  class=\"gridContainer\"> <div  data-type=\"row\" class=\"row spaced-cols text-center\"><div  class=\"col-xs-12 col-sm-4 col-padding\"> <a data-cp-link=\"1\" href=\"#\" ><i  class=\"fa icon shadow-large-black aligncenter fa-gears reverse round large color1\"><\/i><\/a> <div  data-type=\"column\" class=\"\">  <h4  class=\"\"><span  style=\"color: rgb(230, 35, 131);\">basic properties&nbsp;<\/span><\/h4><p  class=\"\" style=\"text-align: left;\"><span  style=\"font-weight: 300;\">\u2013 configuration options<\/span><br ><span  style=\"font-weight: 300;\">\n\u2013 various sizes<\/span><br ><span  style=\"font-weight: 300;\">\n\u2013 different ambient conditions<\/span><\/p><\/div> <\/div> <div  class=\"col-xs-12 col-sm-4 col-padding\"> <a data-cp-link=\"1\" href=\"http:\/\/www.yr.com.tr\/uygulamalar\" target=\"_self\" rel=\"noopener\"><i  class=\"fa icon shadow-large-black aligncenter fa-magic reverse round large color1\"><\/i><\/a> <div  data-type=\"column\" class=\"\"> <h4  class=\"\"><span  style=\"color: rgb(230, 35, 131);\">online configurator<\/span><\/h4><p  class=\"\" style=\"text-align: left;\"><span  style=\"font-weight: 300;\">\u2013 gearbox configuration simply online<\/span><br ><span  style=\"font-weight: 300;\">\n\u2013 2D and 3D plans available online<\/span><\/p><\/div> <\/div> <div  class=\"col-xs-12 col-sm-4 col-padding\"> <a data-cp-link=\"1\" href=\"https:\/\/yreduktor.eu\/index.php\/en\/yilmaz-reduktor-en\/download\" target=\"_self\" rel=\"noopener\"><i  class=\"fa icon shadow-large-black aligncenter fa-book reverse round large color1\"><\/i><\/a> <div  data-type=\"column\" class=\"\"> <h4  class=\"\"><span  style=\"color: rgb(230, 35, 131);\">catalogues and product sheets<\/span><\/h4><p  class=\"\" style=\"text-align: left;\"><span  style=\"font-weight: 300;\">\u2013 catalogues and product sheets in one place<\/span><\/p><\/div> <\/div><\/div> <\/div><\/div><div  data-label=\"squares\" data-id=\"overlappable--4\" data-export-id=\"overlappable-1\" data-category=\"overlappable\" class=\"overlappable-1 content-section content-section-spacing\" data-overlap=\"true\" id=\"squares-1\" style=\"background-color: rgb(255, 255, 255);\"><div  class=\"gridContainer\"> <div  data-type=\"row\" class=\"row shadow-medium\"><div  data-type=\"column\" class=\"col-xs-12 col-sm-4 flexcol bg-color-white col-padding col-padding-small-xs\"><h2  class=\"\">Unique monolithic construction<\/h2>    <p  class=\"\"><span  style=\"font-weight: 300;\">Thanks to its monolithic construction, the new generation of Yilmaz Red\u00fckt\u00f6r gearboxes stands out for their absolute accuracy, rigidity and stability.<\/span><\/p><p  class=\"\"><span  style=\"font-weight: 300;\">All gearbox series, except the Y series, have a monolithic structure.<\/span><\/p><\/div>   <div  data-type=\"column\" class=\"col-xs-12 col-sm-4 flexcol col-padding col-padding-small-xs bg-color5\"><img decoding=\"async\"  class=\"custom-image\" src=\"https:\/\/yreduktor.eu\/wp-content\/uploads\/2019\/05\/detail_1_347.png\" title=\"detail_1_347\" alt=\"\">    <\/div><div  data-type=\"column\" class=\"col-xs-12 col-sm-4 flexcol bg-color-white col-padding col-padding-small-xs\"><h2  class=\"\">Absolute product accuracy<\/h2>    <p  class=\"\"><span  style=\"font-weight: 300;\">Thanks to state-of-the-art CNC machines, absolute accuracy of individual parts (flanges, bearings, etc.) and their surfaces, and therefore the product\u2019s overall quality, is ensured.<\/span><\/p><\/div><div  data-type=\"column\" class=\"col-xs-12 col-sm-4 flexcol bg-color-white col-padding col-padding-small-xs\"><img decoding=\"async\"  class=\"custom-image\" src=\"https:\/\/yreduktor.eu\/wp-content\/uploads\/2019\/01\/8.png\" title=\"vizualizace p\u0159evodovky Yilmaz Red\u00fckt\u00f6r\" alt=\"\">    <\/div><div  data-type=\"column\" class=\"col-xs-12 col-sm-4 flexcol col-padding col-padding-small-xs bg-color6\">   <h2  class=\"\">11 gearbox product series<\/h2><p  class=\"\"><span  style=\"font-weight: 300;\">The wide product portfolio ensures that you can choose the correct gearbox for your application.<\/span><\/p> <\/div><div  data-type=\"column\" class=\"col-xs-12 col-sm-4 flexcol col-padding col-padding-small-xs bg-color1\">   <h2  class=\"\"><span  style=\"color: rgb(255, 255, 255);\">Short delivery terms<\/span><\/h2><p  class=\"\"><span  style=\"font-weight: 300; color: rgb(255, 255, 255);\">Short delivery terms are guaranteed by the fact that all production takes place in one place.<\/span><\/p> <p  class=\"\"><span  style=\"font-weight: 300; color: rgb(255, 255, 255);\">Additionally, D2Drives the Czech Republic distributor for gearboxes holds large stocks of the most common assemblies and can ship them the following day.<\/span><\/p><\/div><div  data-type=\"column\" class=\"col-xs-12 col-sm-4 flexcol bg-color-white col-padding col-padding-small-xs\">    <h2  class=\"\">Fully compatible with other products on the market<\/h2><\/div><div  data-type=\"column\" class=\"col-xs-12 col-sm-4 flexcol col-padding col-padding-small-xs bg-color1\"><img decoding=\"async\"  class=\"custom-image\" src=\"https:\/\/yreduktor.eu\/wp-content\/uploads\/2019\/05\/yilmaz_back_347.jpg\" title=\"yilmaz_back_347\" alt=\"\">    <\/div><div  data-type=\"column\" class=\"col-xs-12 col-sm-4 flexcol bg-color-white col-padding col-padding-small-xs\">   <h2  class=\"\">They meet the strictest standards<\/h2><p  class=\"\"><span  style=\"font-weight: 300;\">\u2013 ISO 9001, ISO 281, ISO 6336:2006<\/span><br ><span  style=\"font-weight: 300;\">\n\u2013 DIN 743, DIN 3990<\/span><br ><span  style=\"font-weight: 300;\">\n\u2013 ATEX certification<\/span><\/p> <\/div><\/div><\/div> <\/div><div  data-label=\"online\" data-id=\"features--3\" data-export-id=\"features-13\" data-category=\"features\" class=\"features-13 content-section content-section-spacing\" id=\"online\" style=\"background-color: rgb(255, 255, 255);\"><div  class=\"gridContainer\"> <div  class=\"row text-center\"><div  class=\"section-title-col\" data-type=\"column\"> <h2  class=\"\">Full product database available online<\/h2> <p  class=\"\"><span  style=\"font-weight: 300;\">With the unique online GST application, 2D and 3D drawings are available in a few clicks and in all formats used (PDF, DWG, DXF, CGR, IGS, etc.).<\/span><\/p><\/div> <\/div> <div  class=\"row spaced-cols\" data-type=\"row\"> <div  class=\"col col-sm-6 space-bottom col-md-4\">   <h4  class=\"\"><span  style=\"color: rgb(230, 35, 131);\">2D and 3D drawings in a few clicks<\/span><\/h4><p  class=\"\"><span  style=\"font-weight: 300;\">Technical drawings and product data sheets with detailed specifications are available in a few clicks.<\/span><\/p> <a data-cp-link=\"1\" href=\"#\" class=\"\" target=\"_self\" rel=\"noopener\"><img decoding=\"async\"  class=\"custom-image lazyloaded\" src=\"http:\/\/www.yr.com.tr\/hizli-resim\" alt=\"\" title=\"aplikace konfigurace p\u0159evodovek Yilmaz Red\u00fckt\u00f6r\" data-was-processed=\"true\" data-ll-status=\"loaded\"><\/a><a data-cp-link=\"1\" href=\"http:\/\/www.yr.com.tr\/hizli-resim\" class=\"\" target=\"_self\" rel=\"noopener\"><img decoding=\"async\"  class=\"custom-image\" src=\"https:\/\/yreduktor.eu\/wp-content\/uploads\/2019\/01\/cropped-gst_aplikace_square-1.png\" title=\"cropped-gst_aplikace_square-1.png\" alt=\"\"><\/a><p  class=\"\"><span  style=\"font-weight: 300;\">Drawings and models of all products in each product range are available in hundreds of different configurations.<\/span><\/p><\/div> <div  class=\"col col-sm-6 space-bottom col-md-4\"> <h4  class=\"\"><span  style=\"color: rgb(230, 35, 131);\">GST application<\/span><\/h4> <a data-cp-link=\"1\" href=\"http:\/\/www.yr.com.tr\/reduktor-secim\" class=\"\" target=\"_self\" rel=\"noopener\"><img decoding=\"async\"  class=\"custom-image\" src=\"https:\/\/yreduktor.eu\/wp-content\/uploads\/2019\/03\/gst_kolaz_2.png\" title=\"n\u00e1kres p\u0159evodovky\" alt=\"\"><\/a><p  class=\"\"><span  style=\"font-weight: 300;\">The detail-elaborated online application will serve buyers perfectly as well as technical staff and designers.<\/span><\/p> <\/div> <div  class=\"col col-sm-6 space-bottom col-md-4\">  <h4  class=\"\"><span  style=\"color: rgb(230, 35, 131);\">on-line configurator<\/span><\/h4><p  class=\"\"><span  style=\"font-weight: 300;\">On-line configurator enables detailed gearbox configurations. For greater clarity, each step by step is supplemented by a visualisation of the given product.<\/span><\/p> <a data-cp-link=\"1\" href=\"http:\/\/www.yr.com.tr\/uygulamalar\" class=\"\" target=\"_self\" rel=\"noopener\"><img decoding=\"async\"  class=\"custom-image\" src=\"https:\/\/yreduktor.eu\/wp-content\/uploads\/2019\/03\/konfigurator_kolaz.png\" title=\"konfigur\u00e1tor p\u0159evodovek\" alt=\"\"><\/a><a class=\"button color1\" href=\"http:\/\/www.yr.com.tr\/uygulamalar\" target=\"_self\" data-cp-link=\"1\" data-icon=\"\" rel=\"noopener noreferrer\">ON-LINE CONFIGURATOR<\/a><\/div>  <\/div><\/div> <\/div><div  data-label=\"app\" data-id=\"cta--2\" data-export-id=\"cta-blue-section\" data-category=\"cta\" class=\"cta-blue-section content-section content-section-spacing-medium bg-color1 white-text\" id=\"app\"><div  class=\"gridContainer\"> <div  class=\"row middle-xs\"><div  class=\"col-sm-8 space-bottom-xs\" data-type=\"column\"> <h2  class=\"\">Select the correct gearbox. <span  style=\"font-weight: 300;\">Straight away.<\/span><\/h2> <\/div> <div  class=\"col-sm-4 end-sm\" data-type=\"column\"> <a class=\"button color2\" href=\"http:\/\/www.yr.com.tr\/reduktor-secim\" target=\"_self\" data-cp-link=\"1\" data-icon=\"\" rel=\"noopener noreferrer\">GST APPLICATION<\/a><\/div> <\/div><\/div> <\/div>","protected":false},"excerpt":{"rendered":"<p>Yilmaz Red\u00fckt\u00f6r Gearboxes basic properties&nbsp;\u2013 configuration options \u2013 various sizes \u2013 different ambient conditions online configurator\u2013 gearbox configuration simply online \u2013 2D and 3D plans available online catalogues and product sheets\u2013 catalogues and product sheets in one place Unique monolithic construction Thanks to its monolithic construction, the new generation of Yilmaz Red\u00fckt\u00f6r gearboxes stands out&hellip; <br \/> <a class=\"read-more\" href=\"https:\/\/www.yreduktor.eu\/index.php\/en\/yilmaz-reduktor-en\/gearboxes\/\">Read more<\/a><\/p>\n","protected":false},"author":1,"featured_media":0,"parent":1231,"menu_order":3,"comment_status":"closed","ping_status":"closed","template":"pro\/page-templates\/page-with-small-header.php","meta":{"footnotes":""},"yoast_head":"<!-- This site is optimized with the Yoast SEO plugin v21.3 - https:\/\/yoast.com\/wordpress\/plugins\/seo\/ -->\n<title>Gearboxes - Yilmaz Red\u00fckt\u00f6r<\/title>\n<meta name=\"description\" content=\"Fully compatible with other products on the market. The wide product portfolio ensures that you can choose the correct gearbox for your application.\" \/>\n<meta name=\"robots\" content=\"index, follow, max-snippet:-1, max-image-preview:large, max-video-preview:-1\" \/>\n<link rel=\"canonical\" href=\"https:\/\/www.yreduktor.eu\/index.php\/en\/yilmaz-reduktor-en\/gearboxes\/\" \/>\n<meta property=\"og:locale\" content=\"cs_CZ\" \/>\n<meta property=\"og:type\" content=\"article\" \/>\n<meta property=\"og:title\" content=\"Gearboxes - Yilmaz Red\u00fckt\u00f6r\" \/>\n<meta property=\"og:description\" content=\"Fully compatible with other products on the market. The wide product portfolio ensures that you can choose the correct gearbox for your application.\" \/>\n<meta property=\"og:url\" content=\"https:\/\/www.yreduktor.eu\/index.php\/en\/yilmaz-reduktor-en\/gearboxes\/\" \/>\n<meta property=\"og:site_name\" content=\"Yilmaz Red\u00fckt\u00f6r\" \/>\n<meta property=\"article:modified_time\" content=\"2022-05-07T21:41:39+00:00\" \/>\n<meta property=\"og:image\" content=\"https:\/\/www.yreduktor.eu\/wp-content\/uploads\/2019\/03\/yilmaz_FB_cover-pic.jpg\" \/>\n\t<meta property=\"og:image:width\" content=\"1200\" \/>\n\t<meta property=\"og:image:height\" content=\"630\" \/>\n\t<meta property=\"og:image:type\" content=\"image\/jpeg\" \/>\n<meta name=\"twitter:card\" content=\"summary_large_image\" \/>\n<meta name=\"twitter:label1\" content=\"Odhadovan\u00e1 doba \u010dten\u00ed\" \/>\n\t<meta name=\"twitter:data1\" content=\"2 minuty\" \/>\n<script type=\"application\/ld+json\" class=\"yoast-schema-graph\">{\"@context\":\"https:\/\/schema.org\",\"@graph\":[{\"@type\":\"WebPage\",\"@id\":\"https:\/\/www.yreduktor.eu\/index.php\/en\/yilmaz-reduktor-en\/gearboxes\/\",\"url\":\"https:\/\/www.yreduktor.eu\/index.php\/en\/yilmaz-reduktor-en\/gearboxes\/\",\"name\":\"Gearboxes - Yilmaz Red\u00fckt\u00f6r\",\"isPartOf\":{\"@id\":\"https:\/\/yreduktor.eu\/#website\"},\"datePublished\":\"2019-05-23T10:41:43+00:00\",\"dateModified\":\"2022-05-07T21:41:39+00:00\",\"description\":\"Fully compatible with other products on the market. The wide product portfolio ensures that you can choose the correct gearbox for your application.\",\"breadcrumb\":{\"@id\":\"https:\/\/www.yreduktor.eu\/index.php\/en\/yilmaz-reduktor-en\/gearboxes\/#breadcrumb\"},\"inLanguage\":\"cs\",\"potentialAction\":[{\"@type\":\"ReadAction\",\"target\":[\"https:\/\/www.yreduktor.eu\/index.php\/en\/yilmaz-reduktor-en\/gearboxes\/\"]}]},{\"@type\":\"BreadcrumbList\",\"@id\":\"https:\/\/www.yreduktor.eu\/index.php\/en\/yilmaz-reduktor-en\/gearboxes\/#breadcrumb\",\"itemListElement\":[{\"@type\":\"ListItem\",\"position\":1,\"name\":\"Dom\u016f\",\"item\":\"https:\/\/yreduktor.eu\/\"},{\"@type\":\"ListItem\",\"position\":2,\"name\":\"Yilmaz Red\u00fckt\u00f6r EN\",\"item\":\"https:\/\/yreduktor.eu\/index.php\/en\/\"},{\"@type\":\"ListItem\",\"position\":3,\"name\":\"Gearboxes\"}]},{\"@type\":\"WebSite\",\"@id\":\"https:\/\/yreduktor.eu\/#website\",\"url\":\"https:\/\/yreduktor.eu\/\",\"name\":\"Yilmaz Red\u00fckt\u00f6r\",\"description\":\"P\u0159evodovky Yilmaz v \u010cR.\",\"potentialAction\":[{\"@type\":\"SearchAction\",\"target\":{\"@type\":\"EntryPoint\",\"urlTemplate\":\"https:\/\/yreduktor.eu\/?s={search_term_string}\"},\"query-input\":\"required name=search_term_string\"}],\"inLanguage\":\"cs\"}]}<\/script>\n<!-- \/ Yoast SEO plugin. -->","yoast_head_json":{"title":"Gearboxes - Yilmaz Red\u00fckt\u00f6r","description":"Fully compatible with other products on the market. The wide product portfolio ensures that you can choose the correct gearbox for your application.","robots":{"index":"index","follow":"follow","max-snippet":"max-snippet:-1","max-image-preview":"max-image-preview:large","max-video-preview":"max-video-preview:-1"},"canonical":"https:\/\/www.yreduktor.eu\/index.php\/en\/yilmaz-reduktor-en\/gearboxes\/","og_locale":"cs_CZ","og_type":"article","og_title":"Gearboxes - Yilmaz Red\u00fckt\u00f6r","og_description":"Fully compatible with other products on the market. The wide product portfolio ensures that you can choose the correct gearbox for your application.","og_url":"https:\/\/www.yreduktor.eu\/index.php\/en\/yilmaz-reduktor-en\/gearboxes\/","og_site_name":"Yilmaz Red\u00fckt\u00f6r","article_modified_time":"2022-05-07T21:41:39+00:00","og_image":[{"width":1200,"height":630,"url":"https:\/\/www.yreduktor.eu\/wp-content\/uploads\/2019\/03\/yilmaz_FB_cover-pic.jpg","type":"image\/jpeg"}],"twitter_card":"summary_large_image","twitter_misc":{"Odhadovan\u00e1 doba \u010dten\u00ed":"2 minuty"},"schema":{"@context":"https:\/\/schema.org","@graph":[{"@type":"WebPage","@id":"https:\/\/www.yreduktor.eu\/index.php\/en\/yilmaz-reduktor-en\/gearboxes\/","url":"https:\/\/www.yreduktor.eu\/index.php\/en\/yilmaz-reduktor-en\/gearboxes\/","name":"Gearboxes - Yilmaz Red\u00fckt\u00f6r","isPartOf":{"@id":"https:\/\/yreduktor.eu\/#website"},"datePublished":"2019-05-23T10:41:43+00:00","dateModified":"2022-05-07T21:41:39+00:00","description":"Fully compatible with other products on the market. The wide product portfolio ensures that you can choose the correct gearbox for your application.","breadcrumb":{"@id":"https:\/\/www.yreduktor.eu\/index.php\/en\/yilmaz-reduktor-en\/gearboxes\/#breadcrumb"},"inLanguage":"cs","potentialAction":[{"@type":"ReadAction","target":["https:\/\/www.yreduktor.eu\/index.php\/en\/yilmaz-reduktor-en\/gearboxes\/"]}]},{"@type":"BreadcrumbList","@id":"https:\/\/www.yreduktor.eu\/index.php\/en\/yilmaz-reduktor-en\/gearboxes\/#breadcrumb","itemListElement":[{"@type":"ListItem","position":1,"name":"Dom\u016f","item":"https:\/\/yreduktor.eu\/"},{"@type":"ListItem","position":2,"name":"Yilmaz Red\u00fckt\u00f6r EN","item":"https:\/\/yreduktor.eu\/index.php\/en\/"},{"@type":"ListItem","position":3,"name":"Gearboxes"}]},{"@type":"WebSite","@id":"https:\/\/yreduktor.eu\/#website","url":"https:\/\/yreduktor.eu\/","name":"Yilmaz Red\u00fckt\u00f6r","description":"P\u0159evodovky Yilmaz v \u010cR.","potentialAction":[{"@type":"SearchAction","target":{"@type":"EntryPoint","urlTemplate":"https:\/\/yreduktor.eu\/?s={search_term_string}"},"query-input":"required name=search_term_string"}],"inLanguage":"cs"}]}},"lang":"en","translations":{"cs":220,"pl":1177,"en":1254},"jetpack_sharing_enabled":true,"pll_sync_post":[],"_links":{"self":[{"href":"https:\/\/www.yreduktor.eu\/index.php\/wp-json\/wp\/v2\/pages\/1254"}],"collection":[{"href":"https:\/\/www.yreduktor.eu\/index.php\/wp-json\/wp\/v2\/pages"}],"about":[{"href":"https:\/\/www.yreduktor.eu\/index.php\/wp-json\/wp\/v2\/types\/page"}],"author":[{"embeddable":true,"href":"https:\/\/www.yreduktor.eu\/index.php\/wp-json\/wp\/v2\/users\/1"}],"replies":[{"embeddable":true,"href":"https:\/\/www.yreduktor.eu\/index.php\/wp-json\/wp\/v2\/comments?post=1254"}],"version-history":[{"count":15,"href":"https:\/\/www.yreduktor.eu\/index.php\/wp-json\/wp\/v2\/pages\/1254\/revisions"}],"predecessor-version":[{"id":1523,"href":"https:\/\/www.yreduktor.eu\/index.php\/wp-json\/wp\/v2\/pages\/1254\/revisions\/1523"}],"up":[{"embeddable":true,"href":"https:\/\/www.yreduktor.eu\/index.php\/wp-json\/wp\/v2\/pages\/1231"}],"wp:attachment":[{"href":"https:\/\/www.yreduktor.eu\/index.php\/wp-json\/wp\/v2\/media?parent=1254"}],"curies":[{"name":"wp","href":"https:\/\/api.w.org\/{rel}","templated":true}]}}